{"version":"1.0","provider_name":"Fondo Norte Podcast","provider_url":"https:\/\/pontevedracf.net\/podcast","author_name":"fondonorte","author_url":"https:\/\/pontevedracf.net\/podcast\/author\/fondonorte\/","title":"Los actos tienen consecuencias - Episodio #229 - Fondo Norte Podcast","type":"rich","width":600,"height":338,"html":"<blockquote class=\"wp-embedded-content\" data-secret=\"n1XUIoA9cT\"><a href=\"https:\/\/pontevedracf.net\/podcast\/podcast\/los-actos-tienen-consecuencias-episodio-229\/\">Los actos tienen consecuencias &#8211; Episodio #229<\/a><\/blockquote><iframe sandbox=\"allow-scripts\" security=\"restricted\" src=\"https:\/\/pontevedracf.net\/podcast\/podcast\/los-actos-tienen-consecuencias-episodio-229\/embed\/#?secret=n1XUIoA9cT\" width=\"600\" height=\"338\" title=\"\u00abLos actos tienen consecuencias &#8211; Episodio #229\u00bb \u2014 Fondo Norte Podcast\" data-secret=\"n1XUIoA9cT\" frameborder=\"0\" marginwidth=\"0\" marginheight=\"0\" scrolling=\"no\" class=\"wp-embedded-content\"><\/iframe><script>\n\/*! This file is auto-generated *\/\n!function(d,l){\"use strict\";l.querySelector&&d.addEventListener&&\"undefined\"!=typeof URL&&(d.wp=d.wp||{},d.wp.receiveEmbedMessage||(d.wp.receiveEmbedMessage=function(e){var t=e.data;if((t||t.secret||t.message||t.value)&&!\/[^a-zA-Z0-9]\/.test(t.secret)){for(var s,r,n,a=l.querySelectorAll('iframe[data-secret=\"'+t.secret+'\"]'),o=l.querySelectorAll('blockquote[data-secret=\"'+t.secret+'\"]'),c=new RegExp(\"^https?:$\",\"i\"),i=0;i<o.length;i++)o[i].style.display=\"none\";for(i=0;i<a.length;i++)s=a[i],e.source===s.contentWindow&&(s.removeAttribute(\"style\"),\"height\"===t.message?(1e3<(r=parseInt(t.value,10))?r=1e3:~~r<200&&(r=200),s.height=r):\"link\"===t.message&&(r=new URL(s.getAttribute(\"src\")),n=new URL(t.value),c.test(n.protocol))&&n.host===r.host&&l.activeElement===s&&(d.top.location.href=t.value))}},d.addEventListener(\"message\",d.wp.receiveEmbedMessage,!1),l.addEventListener(\"DOMContentLoaded\",function(){for(var e,t,s=l.querySelectorAll(\"iframe.wp-embedded-content\"),r=0;r<s.length;r++)(t=(e=s[r]).getAttribute(\"data-secret\"))||(t=Math.random().toString(36).substring(2,12),e.src+=\"#?secret=\"+t,e.setAttribute(\"data-secret\",t)),e.contentWindow.postMessage({message:\"ready\",secret:t},\"*\")},!1)))}(window,document);\n<\/script>\n","description":"El Pontevedra CF cosech\u00f3 un nuevo empate y esta vez lo hizo en casa, en Pasar\u00f3n. La AD M\u00e9rida sin dominar demasiado consigui\u00f3 un punto contra los granates despu\u00e9s de un partido en el que pasaron demasiadas cosas. Cosas que comentamos largo y tendido en este programa"}

El Pontevedra CF cosechó un nuevo empate y esta vez lo hizo en casa, en Pasarón. La AD Mérida sin dominar demasiado consiguió un punto contra los granates después de un partido en el que pasaron demasiadas cosas. Cosas que comentamos largo y tendido en este programa
