{"version":"1.0","provider_name":"Fondo Norte Podcast","provider_url":"https:\/\/pontevedracf.net\/podcast","author_name":"fondonorte","author_url":"https:\/\/pontevedracf.net\/podcast\/author\/fondonorte\/","title":"Episodio #217 con \u00c1lex Gonz\u00e1lez - Edici\u00f3n Verano 002 - Fondo Norte Podcast","type":"rich","width":600,"height":338,"html":"<blockquote class=\"wp-embedded-content\" data-secret=\"HQCgW9s9p8\"><a href=\"https:\/\/pontevedracf.net\/podcast\/podcast\/episodio-217-con-alex-gonzalez-edicion-verano-002\/\">Episodio #217 con \u00c1lex Gonz\u00e1lez &#8211; Edici\u00f3n Verano 002<\/a><\/blockquote><iframe sandbox=\"allow-scripts\" security=\"restricted\" src=\"https:\/\/pontevedracf.net\/podcast\/podcast\/episodio-217-con-alex-gonzalez-edicion-verano-002\/embed\/#?secret=HQCgW9s9p8\" width=\"600\" height=\"338\" title=\"\u00abEpisodio #217 con \u00c1lex Gonz\u00e1lez &#8211; Edici\u00f3n Verano 002\u00bb \u2014 Fondo Norte Podcast\" data-secret=\"HQCgW9s9p8\" frameborder=\"0\" marginwidth=\"0\" marginheight=\"0\" scrolling=\"no\" class=\"wp-embedded-content\"><\/iframe><script>\n\/*! This file is auto-generated *\/\n!function(d,l){\"use strict\";l.querySelector&&d.addEventListener&&\"undefined\"!=typeof URL&&(d.wp=d.wp||{},d.wp.receiveEmbedMessage||(d.wp.receiveEmbedMessage=function(e){var t=e.data;if((t||t.secret||t.message||t.value)&&!\/[^a-zA-Z0-9]\/.test(t.secret)){for(var s,r,n,a=l.querySelectorAll('iframe[data-secret=\"'+t.secret+'\"]'),o=l.querySelectorAll('blockquote[data-secret=\"'+t.secret+'\"]'),c=new RegExp(\"^https?:$\",\"i\"),i=0;i<o.length;i++)o[i].style.display=\"none\";for(i=0;i<a.length;i++)s=a[i],e.source===s.contentWindow&&(s.removeAttribute(\"style\"),\"height\"===t.message?(1e3<(r=parseInt(t.value,10))?r=1e3:~~r<200&&(r=200),s.height=r):\"link\"===t.message&&(r=new URL(s.getAttribute(\"src\")),n=new URL(t.value),c.test(n.protocol))&&n.host===r.host&&l.activeElement===s&&(d.top.location.href=t.value))}},d.addEventListener(\"message\",d.wp.receiveEmbedMessage,!1),l.addEventListener(\"DOMContentLoaded\",function(){for(var e,t,s=l.querySelectorAll(\"iframe.wp-embedded-content\"),r=0;r<s.length;r++)(t=(e=s[r]).getAttribute(\"data-secret\"))||(t=Math.random().toString(36).substring(2,12),e.src+=\"#?secret=\"+t,e.setAttribute(\"data-secret\",t)),e.contentWindow.postMessage({message:\"ready\",secret:t},\"*\")},!1)))}(window,document);\n<\/script>\n","description":"A una semana de que acabe el verano y de que empiece la liga en Primera RFEF, estamos con un nuevo programa para recopilar todo lo que tenemos alrededor del Pontevedra CF antes de comenzar la competici\u00f3n. Est\u00e1 con nosotros \u00c1lex Gonz\u00e1lez, ganador del Trofeo O GRANATE 24\/25 escogido por todos los siareiros granates."}

Episodio #217 con Álex González - Edición Verano 002 - Fondo Norte Podcast

<blockquote class="wp-embedded-content" data-secret="HQCgW9s9p8"><a href="https://pontevedracf.net/podcast/podcast/episodio-217-con-alex-gonzalez-edicion-verano-002/">Episodio #217 con Álex González &#8211; Edición Verano 002</a></blockquote><iframe sandbox="allow-scripts" security="restricted" src="https://pontevedracf.net/podcast/podcast/episodio-217-con-alex-gonzalez-edicion-verano-002/embed/#?secret=HQCgW9s9p8" width="600" height="338" title="«Episodio #217 con Álex González &#8211; Edición Verano 002» — Fondo Norte Podcast" data-secret="HQCgW9s9p8" frameborder="0" marginwidth="0" marginheight="0" scrolling="no" class="wp-embedded-content"></iframe><script>
/*! This file is auto-generated */
!function(d,l){"use strict";l.querySelector&&d.addEventListener&&"undefined"!=typeof URL&&(d.wp=d.wp||{},d.wp.receiveEmbedMessage||(d.wp.receiveEmbedMessage=function(e){var t=e.data;if((t||t.secret||t.message||t.value)&&!/[^a-zA-Z0-9]/.test(t.secret)){for(var s,r,n,a=l.querySelectorAll('iframe[data-secret="'+t.secret+'"]'),o=l.querySelectorAll('blockquote[data-secret="'+t.secret+'"]'),c=new RegExp("^https?:$","i"),i=0;i<o.length;i++)o[i].style.display="none";for(i=0;i<a.length;i++)s=a[i],e.source===s.contentWindow&&(s.removeAttribute("style"),"height"===t.message?(1e3<(r=parseInt(t.value,10))?r=1e3:~~r<200&&(r=200),s.height=r):"link"===t.message&&(r=new URL(s.getAttribute("src")),n=new URL(t.value),c.test(n.protocol))&&n.host===r.host&&l.activeElement===s&&(d.top.location.href=t.value))}},d.addEventListener("message",d.wp.receiveEmbedMessage,!1),l.addEventListener("DOMContentLoaded",function(){for(var e,t,s=l.querySelectorAll("iframe.wp-embedded-content"),r=0;r<s.length;r++)(t=(e=s[r]).getAttribute("data-secret"))||(t=Math.random().toString(36).substring(2,12),e.src+="#?secret="+t,e.setAttribute("data-secret",t)),e.contentWindow.postMessage({message:"ready",secret:t},"*")},!1)))}(window,document);
</script>

A una semana de que acabe el verano y de que empiece la liga en Primera RFEF, estamos con un nuevo programa para recopilar todo lo que tenemos alrededor del Pontevedra CF antes de comenzar la competición. Está con nosotros Álex González, ganador del Trofeo O GRANATE 24/25 escogido por todos los siareiros granates.
